10210
What is -221120 (base 5) in base 9?
-11451
Convert -655 (base 15) to base 3.
-1221222
-10011020120 (base 3) to base 14
-1890a
What is -7378 (base 13) in base 7?
-64414
What is 770 (base 12) in base 11?
903
What is 24214 (base 6) in base 11?
2727
-128 (base 10) to base 7
-242
What is -11022 (base 3) in base 13?
-8c
-2222121 (base 3) to base 5
-32201
What is 346 (base 8) in base 5?
1410
What is 124c5 (base 14) in base 12?
21b65
-12032033 (base 4) to base 8
-61617
What is -614 (base 10) in base 7?
-1535
What is -2700 (base 8) in base 7?
-4202
What is 45 (base 14) in base 10?
61
-1603 (base 13) to base 15
-e44
Convert -1111111 (base 3) to base 7.
-3121
Convert 14232 (base 6) to base 5.
33002
Convert -3102 (base 5) to base 16.
-192
Convert -13643 (base 8) to base 6.
-44003
What is -624 (base 10) in base 11?
-518
Convert 264 (base 9) to base 7.
433
Convert -28279 (base 10) to base 7.
-145306
-42306 (base 8) to base 10
-17606
What is -21017 (base 8) in base 15?
-28b4
Convert 307 (base 11) to base 10.
370
Convert -4b74 (base 12) to base 9.
-12687
Convert 127a (base 12) to base 14.
aaa
1050 (base 8) to base 5
4202
What is 1213304 (base 5) in base 4?
11212222
What is -6223 (base 8) in base 7?
-12246
-683 (base 12) to base 8
-1703
-2247 (base 14) to base 9
-8133
Convert 1000001010101111 (base 2) to base 12.
1743b
What is -444 (base 7) in base 6?
-1020
What is -1655 (base 7) in base 4?
-22211
What is -7fcc (base 16) in base 14?
-bccc
What is -11101222 (base 3) in base 13?
-1601
-1101130 (base 5) to base 2
-100100111100011
5cb0 (base 14) to base 15
4c1b
-463 (base 11) to base 12
-3a1
What is 1e8 (base 16) in base 9?
602
What is -145244 (base 6) in base 2?
-11011100111100
Convert 256 (base 16) to base 12.
41a
-32db (base 14) to base 5
-240232
What is c4a (base 14) in base 8?
4562
What is -2464 (base 10) in base 15?
-ae4
Convert -373 (base 9) to base 4.
-10311
What is 341 (base 13) in base 7?
1430
What is -2905 (base 13) in base 9?
-8107
-21413 (base 13) to base 2
-1110101001101011
What is 1e9 (base 16) in base 11?
405
2ee (base 15) to base 13
3cb
11530 (base 9) to base 2
1111000101010
What is 22994 (base 10) in base 3?
1011112122
What is -129 (base 14) in base 3?
-22122
What is c (base 14) in base 7?
15
What is 34421 (base 9) in base 11?
16267
What is -b1a (base 12) in base 8?
-3106
33022 (base 4) to base 6
4254
16845 (base 10) to base 3
212002220
Convert 411 (base 7) to base 13.
129
-507 (base 13) to base 2
-1101010100
11538 (base 9) to base 7
31352
Convert -2ea (base 15) to base 8.
-1236
-2011314 (base 5) to base 12
-16698
25c (base 15) to base 13
324
Convert 3606 (base 8) to base 6.
12530
-144c (base 15) to base 2
-1000011111011
-2ab5 (base 13) to base 9
-8484
What is -3203311 (base 4) in base 16?
-38f5
What is -22220022 (base 3) in base 10?
-6488
Convert -1000111010 (base 2) to base 7.
-1443
What is 2135 (base 13) in base 5?
121412
-15a00 (base 13) to base 10
-41236
What is 13033 (base 4) in base 10?
463
Convert -223 (base 8) to base 2.
-10010011
What is -a6a (base 12) in base 13?
-901
Convert -555 (base 9) to base 14.
-247
32102 (base 5) to base 13
c97
Convert 7153 (base 9) to base 2.
1010001110000
103401 (base 5) to base 6
24401
Convert -121 (base 7) to base 11.
-59
-17 (base 13) to base 9
-22
What is d7 (base 15) in base 9?
244
What is 1210221 (base 3) in base 6?
10041
11574 (base 8) to base 13
2369
-122050 (base 6) to base 13
-4c11
Convert 10001000100 (base 2) to base 6.
5020
What is 3404 (base 7) in base 8?
2315
What is -2624 (base 11) in base 14?
-135c
-610 (base 12) to base 13
-525
Convert -782 (base 11) to base 13.
-571
1322 (base 5) to base 14
112
-6d0 (base 15) to base 2
-11000001001
Convert -133202 (base 7) to base 11.
-17984
-466 (base 8) to base 3
-102111
1a4 (base 15) to base 7
1051
What is 13112303 (base 4) in base 3?
1112022222
What is -2210 (base 5) in base 10?
-305
2699 (base 11) to base 7
13123
Convert -18007 (base 12) to base 16.
-8707
What is -22057 (base 10) in base 9?
-33227
Convert 1613 (base 7) to base 9.
788
-54776 (base 8) to base 7
-124111
220220120 (base 3) to base 16
46ef
Convert -6780 (base 12) to base 3.
-120201220
Convert 4115 (base 8) to base 9.
2821
What is -21212 (base 3) in base 12?
-158
Convert 123315 (base 6) to base 16.
2b7f
-24214 (base 8) to base 4
-2202030
Convert -110110100000 (base 2) to base 6.
-24052
201121 (base 7) to base 14
c581
What is 34000 (base 5) in base 10?
2375
What is -3661 (base 9) in base 13?
-131b
1001321 (base 5) to base 15
4a5b
4144 (base 8) to base 12
12b0
2015 (base 6) to base 4
12323
-1000010010111010 (base 2) to base 10
-33978
Convert -7608 (base 13) to base 8.
-40021
Convert -9327 (base 15) to base 13.
-111c4
What is -3738 (base 15) in base 8?
-26751
Convert -53 (base 12) to base 2.
-111111
Convert 705 (base 9) to base 7.
1445
Convert -450145 (base 6) to base 15.
-b24e
Convert -5335 (base 6) to base 8.
-2273
-1110001 (base 2) to base 6
-305
Convert 86d (base 16) to base 8.
4155
-232023 (base 4) to base 11
-2247
Convert 5b0 (base 12) to base 15.
3bc
What is -123320 (base 4) in base 12?
-1048
Convert -43505 (base 9) to base 7.
-150041
What is 230 (base 15) in base 16?
1ef
What is 1315 (base 7) in base 4?
13312
1645 (base 12) to base 13
1286
Convert 10100011110011 (base 2) to base 9.
15337
-323302 (base 4) to base 7
-14104
-980 (base 13) to base 3
-2020012
Convert -1270 (base 8) to base 7.
-2013
-18 (base 13) to base 12
-19
Convert 2018 (base 10) to base 6.
13202
What is 1324 (base 8) in base 10?
724
Convert -24 (base 5) to base 11.
-13
Convert 132422 (base 6) to base 14.
4674
1042 (base 8) to base 5
4141
What is -131125 (base 6) in base 14?
-44c5
What is -111101001010110 (base 2) in base 13?
-11341
-102110212 (base 3) to base 9
-12425
-1200200001 (base 3) to base 7
-166030
-2cc7 (base 14) to base 11
-6027
2726 (base 12) to base 4
1012032
What is 3032021 (base 4) in base 6?
141025
-423 (base 10) to base 8
-647
Convert 130132 (base 4) to base 10.
1822
Convert 52644 (base 8) to base 11.
15521
What is -20a0 (base 11) in base 5?
-42042
What is 1c2b5 (base 13) in base 9?
84007
-138 (base 16) to base 6
-1240
-830c (base 16) to base 5
-2033143
What is -1ae (base 16) in base 14?
-22a
Convert -4796 (base 11) to base 14.
-2404
f (base 16) to base 12
13
-2a90 (base 12) to base 9
-6770
Convert -11410 (base 5) to base 15.
-3c0
-6255 (base 14) to base 8
-41043
What is -2684 (base 11) in base 15?
-1070
Convert 234043 (base 6) to base 10.
20331
Convert -123012 (base 5) to base 7.
-16604
What is 16410 (base 9) in base 14?
416c
9866 (base 10) to base 15
2dcb
Convert 2310100 (base 4) to base 7.
45430
What is -150 (base 7) in base 4?
-1110
-1431104 (base 5) to base 11
-20723
What is -11034 (base 5) in base 8?
-1401
2726 (base 8) to base 15
699
Convert -11001330 (base 4) to base 16.
-507c
1411 (base 5) to base 13
14a
What is 3534 (base 6) in base 12?
5aa
Convert 223a (base 14) to base 11.
4503
What is -46752 (base 9) in base 11?
-21513
Convert 13311 (base 4) to base 9.
616
Convert -2180 (base 9) to base 6.
-11243
What is 655 (base 7) in base 12?
23a
What is -8a3 (base 14) in base 12?
-ba7
What is -3012 (base 9) in base 8?
-4226
54616 (base 7) to base 5
414214
413 (base 7) to base 16
ce
What is -1713 (base 10) in base 9?
-2313
Convert 110011000011000 (base 2) to base 13.
bb86
Convert -33034 (base 5) to base 7.
-6421
Convert 2013311 (base 4) to base 13.
3c59
-15296 (base 14) to base 8
-146664
23345 (base 6) to base 3
11122002
What is -2320233 (base 5) in base 6?
-522103
What is -12312 (base 6) in base 8?
-3464
Convert 1221100 (base 3) to base 9.
1840
What is 201 (base 5) in base 10?
51
Convert -2251 (base 12) to base 10.
-3805
What is -10847 (base 9) in base 2?
-1110001010100
What is -20330132 (base 4) in base 16?
-8f1e
-21200 (base 4) to base 12
-428
Convert -54563 (base 9) to base 10.
-36183
Convert -4054 (base 8) to base 14.
-a96
Convert -12355 (base 6) to base 2.
-11101001111
What is -12302 (base 7) in base 9?
-4385
What is -782 (base 16) in base 2?
-11110000010
Convert -6d (base 14) to base 6.
-241
Convert dfb (base 16) to base 12.
20a3
15035 (base 6) to base 7
6665
What is 15215 (base 9) in base 12?
6012
Convert -18698 (base 12) to base 11.
-2477a
Convert 120433 (base 5) to base 11.
3415
Convert